{"id":396,"date":"2023-03-23T12:42:54","date_gmt":"2023-03-23T15:42:54","guid":{"rendered":"https:\/\/pezgordon.com\/msf_dev\/?page_id=396"},"modified":"2023-05-15T15:52:37","modified_gmt":"2023-05-15T18:52:37","slug":"principios-y-compromisos","status":"publish","type":"page","link":"https:\/\/pezgordon.com\/msf_dev\/conocenos\/quienes-somos\/principios-y-compromisos\/","title":{"rendered":"Principios y compromisos"},"content":{"rendered":"<div id=\"pl-396\"  class=\"panel-layout\" ><div id=\"pg-396-0\"  class=\"panel-grid panel-no-style\" ><div id=\"pgc-396-0-0\"  class=\"panel-grid-cell\" ><div id=\"panel-396-0-0-0\" class=\"so-panel widget_accordion-module panel-first-child\" data-index=\"0\" ><div\n\t\t\t\n\t\t\tclass=\"so-widget-accordion-module so-widget-accordion-module-default-d75171398898-396\"\n\t\t\t\n\t\t>\n<section class=\"accordion mobile-red desktop-red\" style=\"--backgroundDesktop:var(--white);--primaryColorDesktop:var(--red);--backgroundMobile:var(--lightgrey);--primaryColorMobile:var(--red)\">\n\n\t\n\t\n\t<div class=\"accordion-container\">\n\n\t\t\n\t\t<div class=\"accordion-item\">\n\t\t\t<h2 class=\"accordion-header\">\n\t\t\t\t<button type=\"button\">\n\t\t        \t<p>Nuestros principios humanitarios<\/p>\n\t\t\t\t<\/button>\n\t\t    <\/h2>\n\t\t    <div class=\"accordion-body\">\n\t\t\t\t<div>\n\t\t\t\t\t<p><strong>\u00c9tica M\u00e9dica<\/strong><\/p>\n<p>Nuestra obligaci\u00f3n como profesionales de la medicina es asistir sin causar da\u00f1o.<\/p>\n<p><strong>Principios de la acci\u00f3n humanitaria<\/strong><\/p>\n<ul>\n<li><strong>Humanidad<\/strong>: todas las personas tienen derecho a ser asistidas en su hora de mayor necesidad.<\/li>\n<li><strong>Independencia<\/strong>: ning\u00fan poder pol\u00edtico, econ\u00f3mico o religioso dicta nuestras acciones.<\/li>\n<li><strong>Imparcialidad<\/strong>: no preguntamos por la raza, la religi\u00f3n o la ideolog\u00eda de pacientes.<\/li>\n<li><strong>Neutralidad<\/strong>: no tomamos partido por nadie, solo por las personas que necesitan ayuda.<\/li>\n<\/ul>\n<p>&nbsp;<\/p>\n<p><strong>Valores<\/strong><\/p>\n<ul>\n<li><strong>Proporcionalidad:<\/strong> nuestra asistencia responde equilibradamente a las necesidades que detectamos.<\/li>\n<li><strong>Profesionalidad<\/strong>: estamos comprometidos con la calidad y la eficacia de la ayuda.<\/li>\n<li><strong>Proximidad<\/strong>: proporcionamos asistencia directa, sin intermediarios.<\/li>\n<li><strong>Compromiso individual:<\/strong> asumimos una responsabilidad personal con nuestro trabajo y aceptamos los riesgos que entra\u00f1a.<\/li>\n<li><strong>Sin \u00e1nimo de lucro:<\/strong> no generamos beneficios para nosotros mismos: destinamos los fondos recibidos a acci\u00f3n m\u00e9dica, testimonio, administraci\u00f3n y captaci\u00f3n de recursos.<\/li>\n<li><strong>Control de la ayuda:<\/strong> nuestro trabajo y nuestras finanzas est\u00e1n sometidos a estrictas supervisiones internas y externas.<\/li>\n<li><strong>Transparencia:<\/strong> nuestras cuentas e informes financieros son p\u00fablicos.<\/li>\n<\/ul>\n\t\t\t\t<\/div>\n\t\t    <\/div>\n\t\t<\/div>\n\n\t\t\n\t\t<div class=\"accordion-item\">\n\t\t\t<h2 class=\"accordion-header\">\n\t\t\t\t<button type=\"button\">\n\t\t        \t<p>Nuestros compromisos de conducta<\/p>\n\t\t\t\t<\/button>\n\t\t    <\/h2>\n\t\t    <div class=\"accordion-body\">\n\t\t\t\t<div>\n\t\t\t\t\t<p>Quienes integramos M\u00e9dicos Sin Fronteras (MSF) respetamos estos <strong>compromisos de conducta<\/strong> para poder desempe\u00f1ar nuestra labor dentro de la organizaci\u00f3n, ya sea en el terreno como en las oficinas:<\/p>\n<p>1. El personal de MSF y los socios operacionales deber\u00e1n comportarse respetuosamente y no discriminar\u00e1n a pacientes, colegas o miembros de la poblaci\u00f3n local en funci\u00f3n de su raza, opiniones, estilo de vida, g\u00e9nero, orientaci\u00f3n sexual, contexto socioecon\u00f3mico, origen, religi\u00f3n o creencias y otros marcadores de identidad;<\/p>\n<p>2. El personal de MSF y los socios operacionales no abusar\u00e1n de nadie f\u00edsicamente (es decir, violencia f\u00edsica, agresi\u00f3n sexual u otras formas de abuso f\u00edsico) o psicol\u00f3gicamente (por ejemplo, intimidaci\u00f3n, abuso de poder, acoso, discriminaci\u00f3n o favoritismo);<\/p>\n<p>3. El personal de MSF y los socios operacionales no aceptar\u00e1n, en ninguna circunstancia, un comportamiento que explote la vulnerabilidad de otras personas, en el sentido m\u00e1s amplio posible (sexual, econ\u00f3mico, social, etc.). Esto incluye el intercambio de bienes, beneficios o servicios por actos de naturaleza sexual, incluido el uso de servicios de trabajadores sexuales durante la misi\u00f3n asignada;<\/p>\n<p>4. El personal de MSF y los socios operacionales no aceptar\u00e1n el abuso, la explotaci\u00f3n y la violencia infantil ni mantendr\u00e1n relaciones sexuales con menores\u00b9;<\/p>\n<p>5. El personal de MSF y sus socios operacionales no se aprovechar\u00e1n de su posici\u00f3n para obtener un beneficio personal. Todos los miembros del personal de MSF utilizar\u00e1n los recursos de MSF (incluidas las instalaciones, los bienes, el dinero, la reputaci\u00f3n, la imagen, etc.) con respeto y cuidado, y en inter\u00e9s de la organizaci\u00f3n y la poblaci\u00f3n a la que se intenta ayudar.<\/p>\n<p><em>\u00b9Art\u00edculo 1 de la Convenci\u00f3n sobre los Derechos del Ni\u00f1o de las Naciones Unidas, adoptada y abierta a la firma y ratificaci\u00f3n por la Asamblea General en su resoluci\u00f3n 44\/25, de 20 de noviembre de 1989, entrada en vigor el 2 de septiembre de 1990, de conformidad con el art\u00edculo 1: \u201cPara los efectos de la presente Convenci\u00f3n, se entiende por ni\u00f1o todo ser humano menor de dieciocho a\u00f1os de edad, salvo que, en virtud de la ley que le sea aplicable, haya alcanzado antes la mayor\u00eda de edad\u201d.<\/em><\/p>\n\t\t\t\t<\/div>\n\t\t    <\/div>\n\t\t<\/div>\n\n\t\t\n\t\t<div class=\"accordion-item\">\n\t\t\t<h2 class=\"accordion-header\">\n\t\t\t\t<button type=\"button\">\n\t\t        \t<p>Nuestra Carta Magna<\/p>\n\t\t\t\t<\/button>\n\t\t    <\/h2>\n\t\t    <div class=\"accordion-body\">\n\t\t\t\t<div>\n\t\t\t\t\t<p>M\u00e9dicos Sin Fronteras es una asociaci\u00f3n privada con vocaci\u00f3n internacional. La asociaci\u00f3n re\u00fane mayoritariamente a m\u00e9dicos y miembros de los cuerpos sanitarios y est\u00e1 abierta a otros profesionales \u00fatiles a su misi\u00f3n. Todos se comprometen a honrar los siguientes principios:<\/p>\n<p>Los M\u00e9dicos Sin Fronteras socorren a las poblaciones desamparadas, a las v\u00edctimas de cat\u00e1strofes de origen natural o humano, de situaciones de conflicto, sin ninguna discriminaci\u00f3n por raza, religi\u00f3n, filosof\u00eda o pol\u00edtica.<\/p>\n<p>Al actuar con neutralidad e imparcialidad, los M\u00e9dicos Sin Fronteras reivindican, en nombre de la \u00e9tica m\u00e9dica universal y del derecho a la asistencia humanitaria, la plena y entera libertad del ejercicio de su funci\u00f3n.<\/p>\n<p>Se comprometen a respetar los principios deontol\u00f3gicos de su profesi\u00f3n y a mantener una total independencia de todo poder, as\u00ed como de toda fuerza pol\u00edtica, econ\u00f3mica o religiosa.<\/p>\n<p>En su condici\u00f3n de voluntarios, miden los riesgos y peligros de las misiones que cumplen y no reclamar\u00e1n para s\u00ed mismos ni para sus allegados compensaci\u00f3n alguna, salvo la que la asociaci\u00f3n sea capaz de proporcionarles.<\/p>\n\t\t\t\t<\/div>\n\t\t    <\/div>\n\t\t<\/div>\n\n\t\t\n\t<\/div>\n\n<\/section><\/div><\/div><div id=\"panel-396-0-0-1\" class=\"so-panel widget_links-module panel-last-child\" data-index=\"1\" ><div\n\t\t\t\n\t\t\tclass=\"so-widget-links-module so-widget-links-module-default-d75171398898-396\"\n\t\t\t\n\t\t>\n<section class=\"pages-grid\">\n\n\t\n\t\n\t<div class=\"grid\">\n\n\t\t\n\t\t<div>\n\t\t\t<div class=\"thumbnail\">\n\t\t\t\t<img loading=\"lazy\" decoding=\"async\" width=\"150\" height=\"150\" src=\"https:\/\/pezgordon.com\/msf_dev\/wp-content\/uploads\/2023\/04\/MSB72804_Medium-150x150.jpg\" class=\"attachment-thumbnail size-thumbnail\" alt=\"\" srcset=\"https:\/\/pezgordon.com\/msf_dev\/wp-content\/uploads\/2023\/04\/MSB72804_Medium-150x150.jpg 150w, https:\/\/pezgordon.com\/msf_dev\/wp-content\/uploads\/2023\/04\/MSB72804_Medium-700x467.jpg 700w\" sizes=\"(max-width: 768px) 40px, 700px\" \/>\t\t\t<\/div>\n\t\t\t<div class=\"content\">\n\t\t\t\t<h2 class=\"semi_bold\">Nuestras pol\u00edticas contra el acoso<\/h2>\n\t\t\t\t<p class=\"hide_mobile\">Promovemos un entorno de trabajo libre de acoso y abuso. La direcci\u00f3n de nuestra organizaci\u00f3n se ha comprometido inequ\u00edvocamente a combatir el abuso y reforzar los mecanismos y procedimientos para prevenirlo y gestionarlo.<\/p>\n\t\t\t\t\t\t\t\t<a href=\"https:\/\/pezgordon.com\/msf_dev\/conocenos\/quienes-somos\/principios-y-compromisos\/politicas-contra-acoso\/\" title=\"\">Leer m\u00e1s<\/a>\n\t\t\t\t\t\t\t<\/div>\n\t\t<\/div>\n\n\t\t\n\t<\/div>\n\n<\/section><\/div><\/div><\/div><\/div><\/div>","protected":false},"excerpt":{"rendered":"<p>Nuestro trabajo est\u00e1 guiado por la \u00e9tica m\u00e9dica, por los principios de la acci\u00f3n humanitaria y por el compromiso con valores que ponemos en pr\u00e1ctica todos los d\u00edas en las acciones y decisiones que tomamos. Respetarlos y defenderlos nos permite prestar ayuda urgente a quien m\u00e1s lo necesita.<\/p>\n","protected":false},"author":1,"featured_media":397,"parent":1220,"menu_order":0,"comment_status":"closed","ping_status":"closed","template":"","meta":{"_acf_changed":false,"footnotes":""},"class_list":["post-396","page","type-page","status-publish","has-post-thumbnail","hentry"],"acf":[],"yoast_head":"<!-- This site is optimized with the Yoast SEO plugin v23.0 - https:\/\/yoast.com\/wordpress\/plugins\/seo\/ -->\n<title>Principios y compromisos - M\u00e9dicos Sin Fronteras Colombia | Ayuda m\u00e9dico-humanitaria<\/title>\n<meta name=\"robots\" content=\"noindex, follow, max-snippet:-1, max-image-preview:large, max-video-preview:-1\" \/>\n<meta property=\"og:locale\" content=\"es_ES\" \/>\n<meta property=\"og:type\" content=\"article\" \/>\n<meta property=\"og:title\" content=\"Principios y compromisos - M\u00e9dicos Sin Fronteras Colombia | Ayuda m\u00e9dico-humanitaria\" \/>\n<meta property=\"og:description\" content=\"Nuestro trabajo est\u00e1 guiado por la \u00e9tica m\u00e9dica, por los principios de la acci\u00f3n humanitaria y por el compromiso con valores que ponemos en pr\u00e1ctica todos los d\u00edas en las acciones y decisiones que tomamos. Respetarlos y defenderlos nos permite prestar ayuda urgente a quien m\u00e1s lo necesita.\" \/>\n<meta property=\"og:url\" content=\"https:\/\/pezgordon.com\/msf_dev\/conocenos\/quienes-somos\/principios-y-compromisos\/\" \/>\n<meta property=\"og:site_name\" content=\"M\u00e9dicos Sin Fronteras Colombia | Ayuda m\u00e9dico-humanitaria\" \/>\n<meta property=\"article:publisher\" content=\"https:\/\/www.facebook.com\/medicossinfronteras.ong\" \/>\n<meta property=\"article:modified_time\" content=\"2023-05-15T18:52:37+00:00\" \/>\n<meta property=\"og:image\" content=\"https:\/\/pezgordon.com\/msf_dev\/wp-content\/uploads\/2023\/03\/msb127247_personal_msf_preparandose_arribo_pacientes_tren_medicalizado_ucrania.jpg\" \/>\n\t<meta property=\"og:image:width\" content=\"1000\" \/>\n\t<meta property=\"og:image:height\" content=\"667\" \/>\n\t<meta property=\"og:image:type\" content=\"image\/jpeg\" \/>\n<meta name=\"twitter:card\" content=\"summary_large_image\" \/>\n<meta name=\"twitter:site\" content=\"@MSF_Colombia\" \/>\n<script type=\"application\/ld+json\" class=\"yoast-schema-graph\">{\"@context\":\"https:\/\/schema.org\",\"@graph\":[{\"@type\":\"WebPage\",\"@id\":\"https:\/\/pezgordon.com\/msf_dev\/conocenos\/quienes-somos\/principios-y-compromisos\/\",\"url\":\"https:\/\/pezgordon.com\/msf_dev\/conocenos\/quienes-somos\/principios-y-compromisos\/\",\"name\":\"Principios y compromisos - M\u00e9dicos Sin Fronteras Colombia | Ayuda m\u00e9dico-humanitaria\",\"isPartOf\":{\"@id\":\"https:\/\/pezgordon.com\/msf_dev\/#website\"},\"primaryImageOfPage\":{\"@id\":\"https:\/\/pezgordon.com\/msf_dev\/conocenos\/quienes-somos\/principios-y-compromisos\/#primaryimage\"},\"image\":{\"@id\":\"https:\/\/pezgordon.com\/msf_dev\/conocenos\/quienes-somos\/principios-y-compromisos\/#primaryimage\"},\"thumbnailUrl\":\"https:\/\/pezgordon.com\/msf_dev\/wp-content\/uploads\/2023\/03\/msb127247_personal_msf_preparandose_arribo_pacientes_tren_medicalizado_ucrania.jpg\",\"datePublished\":\"2023-03-23T15:42:54+00:00\",\"dateModified\":\"2023-05-15T18:52:37+00:00\",\"breadcrumb\":{\"@id\":\"https:\/\/pezgordon.com\/msf_dev\/conocenos\/quienes-somos\/principios-y-compromisos\/#breadcrumb\"},\"inLanguage\":\"es\",\"potentialAction\":[{\"@type\":\"ReadAction\",\"target\":[\"https:\/\/pezgordon.com\/msf_dev\/conocenos\/quienes-somos\/principios-y-compromisos\/\"]}]},{\"@type\":\"ImageObject\",\"inLanguage\":\"es\",\"@id\":\"https:\/\/pezgordon.com\/msf_dev\/conocenos\/quienes-somos\/principios-y-compromisos\/#primaryimage\",\"url\":\"https:\/\/pezgordon.com\/msf_dev\/wp-content\/uploads\/2023\/03\/msb127247_personal_msf_preparandose_arribo_pacientes_tren_medicalizado_ucrania.jpg\",\"contentUrl\":\"https:\/\/pezgordon.com\/msf_dev\/wp-content\/uploads\/2023\/03\/msb127247_personal_msf_preparandose_arribo_pacientes_tren_medicalizado_ucrania.jpg\",\"width\":1000,\"height\":667,\"caption\":\"The MSF medical train team prepares for the onboarding of patients in Pokrovsk, in eastern Ukraine. Patients typically suffer from war wounds, such as bomb blasts and shelling, and are transported to hospitals in the west of Ukraine where they can receive the specialised care that they need.\"},{\"@type\":\"BreadcrumbList\",\"@id\":\"https:\/\/pezgordon.com\/msf_dev\/conocenos\/quienes-somos\/principios-y-compromisos\/#breadcrumb\",\"itemListElement\":[{\"@type\":\"ListItem\",\"position\":1,\"name\":\"Home\",\"item\":\"https:\/\/pezgordon.com\/msf_dev\/\"},{\"@type\":\"ListItem\",\"position\":2,\"name\":\"Con\u00f3cenos\",\"item\":\"https:\/\/pezgordon.com\/msf_dev\/conocenos\/\"},{\"@type\":\"ListItem\",\"position\":3,\"name\":\"Qui\u00e9nes somos\",\"item\":\"https:\/\/pezgordon.com\/msf_dev\/conocenos\/quienes-somos\/\"},{\"@type\":\"ListItem\",\"position\":4,\"name\":\"Principios y compromisos\"}]},{\"@type\":\"WebSite\",\"@id\":\"https:\/\/pezgordon.com\/msf_dev\/#website\",\"url\":\"https:\/\/pezgordon.com\/msf_dev\/\",\"name\":\"M\u00e9dicos Sin Fronteras Colombia | Ayuda m\u00e9dico-humanitaria\",\"description\":\"\",\"publisher\":{\"@id\":\"https:\/\/pezgordon.com\/msf_dev\/#organization\"},\"potentialAction\":[{\"@type\":\"SearchAction\",\"target\":{\"@type\":\"EntryPoint\",\"urlTemplate\":\"https:\/\/pezgordon.com\/msf_dev\/?s={search_term_string}\"},\"query-input\":\"required name=search_term_string\"}],\"inLanguage\":\"es\"},{\"@type\":\"Organization\",\"@id\":\"https:\/\/pezgordon.com\/msf_dev\/#organization\",\"name\":\"M\u00e9dicos Sin Fronteras Colombia\",\"alternateName\":\"MSF\",\"url\":\"https:\/\/pezgordon.com\/msf_dev\/\",\"logo\":{\"@type\":\"ImageObject\",\"inLanguage\":\"es\",\"@id\":\"https:\/\/pezgordon.com\/msf_dev\/#\/schema\/logo\/image\/\",\"url\":\"https:\/\/pezgordon.com\/msf_dev\/wp-content\/uploads\/2023\/05\/msf_organization.png\",\"contentUrl\":\"https:\/\/pezgordon.com\/msf_dev\/wp-content\/uploads\/2023\/05\/msf_organization.png\",\"width\":120,\"height\":120,\"caption\":\"M\u00e9dicos Sin Fronteras Colombia\"},\"image\":{\"@id\":\"https:\/\/pezgordon.com\/msf_dev\/#\/schema\/logo\/image\/\"},\"sameAs\":[\"https:\/\/www.facebook.com\/medicossinfronteras.ong\",\"https:\/\/x.com\/MSF_Colombia\",\"https:\/\/www.youtube.com\/user\/MedicosSinFronteras\",\"https:\/\/www.tiktok.com\/@medicossinfronteras\",\"https:\/\/www.instagram.com\/msf_sudamerica\",\"https:\/\/www.linkedin.com\/company\/msf-latam\/mycompany\/\"]}]}<\/script>\n<!-- \/ Yoast SEO plugin. -->","yoast_head_json":{"title":"Principios y compromisos - M\u00e9dicos Sin Fronteras Colombia | Ayuda m\u00e9dico-humanitaria","robots":{"index":"noindex","follow":"follow","max-snippet":"max-snippet:-1","max-image-preview":"max-image-preview:large","max-video-preview":"max-video-preview:-1"},"og_locale":"es_ES","og_type":"article","og_title":"Principios y compromisos - M\u00e9dicos Sin Fronteras Colombia | Ayuda m\u00e9dico-humanitaria","og_description":"Nuestro trabajo est\u00e1 guiado por la \u00e9tica m\u00e9dica, por los principios de la acci\u00f3n humanitaria y por el compromiso con valores que ponemos en pr\u00e1ctica todos los d\u00edas en las acciones y decisiones que tomamos. Respetarlos y defenderlos nos permite prestar ayuda urgente a quien m\u00e1s lo necesita.","og_url":"https:\/\/pezgordon.com\/msf_dev\/conocenos\/quienes-somos\/principios-y-compromisos\/","og_site_name":"M\u00e9dicos Sin Fronteras Colombia | Ayuda m\u00e9dico-humanitaria","article_publisher":"https:\/\/www.facebook.com\/medicossinfronteras.ong","article_modified_time":"2023-05-15T18:52:37+00:00","og_image":[{"width":1000,"height":667,"url":"https:\/\/pezgordon.com\/msf_dev\/wp-content\/uploads\/2023\/03\/msb127247_personal_msf_preparandose_arribo_pacientes_tren_medicalizado_ucrania.jpg","type":"image\/jpeg"}],"twitter_card":"summary_large_image","twitter_site":"@MSF_Colombia","schema":{"@context":"https:\/\/schema.org","@graph":[{"@type":"WebPage","@id":"https:\/\/pezgordon.com\/msf_dev\/conocenos\/quienes-somos\/principios-y-compromisos\/","url":"https:\/\/pezgordon.com\/msf_dev\/conocenos\/quienes-somos\/principios-y-compromisos\/","name":"Principios y compromisos - M\u00e9dicos Sin Fronteras Colombia | Ayuda m\u00e9dico-humanitaria","isPartOf":{"@id":"https:\/\/pezgordon.com\/msf_dev\/#website"},"primaryImageOfPage":{"@id":"https:\/\/pezgordon.com\/msf_dev\/conocenos\/quienes-somos\/principios-y-compromisos\/#primaryimage"},"image":{"@id":"https:\/\/pezgordon.com\/msf_dev\/conocenos\/quienes-somos\/principios-y-compromisos\/#primaryimage"},"thumbnailUrl":"https:\/\/pezgordon.com\/msf_dev\/wp-content\/uploads\/2023\/03\/msb127247_personal_msf_preparandose_arribo_pacientes_tren_medicalizado_ucrania.jpg","datePublished":"2023-03-23T15:42:54+00:00","dateModified":"2023-05-15T18:52:37+00:00","breadcrumb":{"@id":"https:\/\/pezgordon.com\/msf_dev\/conocenos\/quienes-somos\/principios-y-compromisos\/#breadcrumb"},"inLanguage":"es","potentialAction":[{"@type":"ReadAction","target":["https:\/\/pezgordon.com\/msf_dev\/conocenos\/quienes-somos\/principios-y-compromisos\/"]}]},{"@type":"ImageObject","inLanguage":"es","@id":"https:\/\/pezgordon.com\/msf_dev\/conocenos\/quienes-somos\/principios-y-compromisos\/#primaryimage","url":"https:\/\/pezgordon.com\/msf_dev\/wp-content\/uploads\/2023\/03\/msb127247_personal_msf_preparandose_arribo_pacientes_tren_medicalizado_ucrania.jpg","contentUrl":"https:\/\/pezgordon.com\/msf_dev\/wp-content\/uploads\/2023\/03\/msb127247_personal_msf_preparandose_arribo_pacientes_tren_medicalizado_ucrania.jpg","width":1000,"height":667,"caption":"The MSF medical train team prepares for the onboarding of patients in Pokrovsk, in eastern Ukraine. Patients typically suffer from war wounds, such as bomb blasts and shelling, and are transported to hospitals in the west of Ukraine where they can receive the specialised care that they need."},{"@type":"BreadcrumbList","@id":"https:\/\/pezgordon.com\/msf_dev\/conocenos\/quienes-somos\/principios-y-compromisos\/#breadcrumb","itemListElement":[{"@type":"ListItem","position":1,"name":"Home","item":"https:\/\/pezgordon.com\/msf_dev\/"},{"@type":"ListItem","position":2,"name":"Con\u00f3cenos","item":"https:\/\/pezgordon.com\/msf_dev\/conocenos\/"},{"@type":"ListItem","position":3,"name":"Qui\u00e9nes somos","item":"https:\/\/pezgordon.com\/msf_dev\/conocenos\/quienes-somos\/"},{"@type":"ListItem","position":4,"name":"Principios y compromisos"}]},{"@type":"WebSite","@id":"https:\/\/pezgordon.com\/msf_dev\/#website","url":"https:\/\/pezgordon.com\/msf_dev\/","name":"M\u00e9dicos Sin Fronteras Colombia | Ayuda m\u00e9dico-humanitaria","description":"","publisher":{"@id":"https:\/\/pezgordon.com\/msf_dev\/#organization"},"potentialAction":[{"@type":"SearchAction","target":{"@type":"EntryPoint","urlTemplate":"https:\/\/pezgordon.com\/msf_dev\/?s={search_term_string}"},"query-input":"required name=search_term_string"}],"inLanguage":"es"},{"@type":"Organization","@id":"https:\/\/pezgordon.com\/msf_dev\/#organization","name":"M\u00e9dicos Sin Fronteras Colombia","alternateName":"MSF","url":"https:\/\/pezgordon.com\/msf_dev\/","logo":{"@type":"ImageObject","inLanguage":"es","@id":"https:\/\/pezgordon.com\/msf_dev\/#\/schema\/logo\/image\/","url":"https:\/\/pezgordon.com\/msf_dev\/wp-content\/uploads\/2023\/05\/msf_organization.png","contentUrl":"https:\/\/pezgordon.com\/msf_dev\/wp-content\/uploads\/2023\/05\/msf_organization.png","width":120,"height":120,"caption":"M\u00e9dicos Sin Fronteras Colombia"},"image":{"@id":"https:\/\/pezgordon.com\/msf_dev\/#\/schema\/logo\/image\/"},"sameAs":["https:\/\/www.facebook.com\/medicossinfronteras.ong","https:\/\/x.com\/MSF_Colombia","https:\/\/www.youtube.com\/user\/MedicosSinFronteras","https:\/\/www.tiktok.com\/@medicossinfronteras","https:\/\/www.instagram.com\/msf_sudamerica","https:\/\/www.linkedin.com\/company\/msf-latam\/mycompany\/"]}]}},"_links":{"self":[{"href":"https:\/\/pezgordon.com\/msf_dev\/wp-json\/wp\/v2\/pages\/396"}],"collection":[{"href":"https:\/\/pezgordon.com\/msf_dev\/wp-json\/wp\/v2\/pages"}],"about":[{"href":"https:\/\/pezgordon.com\/msf_dev\/wp-json\/wp\/v2\/types\/page"}],"author":[{"embeddable":true,"href":"https:\/\/pezgordon.com\/msf_dev\/wp-json\/wp\/v2\/users\/1"}],"replies":[{"embeddable":true,"href":"https:\/\/pezgordon.com\/msf_dev\/wp-json\/wp\/v2\/comments?post=396"}],"version-history":[{"count":35,"href":"https:\/\/pezgordon.com\/msf_dev\/wp-json\/wp\/v2\/pages\/396\/revisions"}],"predecessor-version":[{"id":2508,"href":"https:\/\/pezgordon.com\/msf_dev\/wp-json\/wp\/v2\/pages\/396\/revisions\/2508"}],"up":[{"embeddable":true,"href":"https:\/\/pezgordon.com\/msf_dev\/wp-json\/wp\/v2\/pages\/1220"}],"wp:featuredmedia":[{"embeddable":true,"href":"https:\/\/pezgordon.com\/msf_dev\/wp-json\/wp\/v2\/media\/397"}],"wp:attachment":[{"href":"https:\/\/pezgordon.com\/msf_dev\/wp-json\/wp\/v2\/media?parent=396"}],"curies":[{"name":"wp","href":"https:\/\/api.w.org\/{rel}","templated":true}]}}