{"id":1200,"date":"2023-04-17T18:15:24","date_gmt":"2023-04-17T21:15:24","guid":{"rendered":"https:\/\/pezgordon.com\/msf_dev\/?page_id=1200"},"modified":"2023-05-05T08:32:26","modified_gmt":"2023-05-05T11:32:26","slug":"en-las-oficinas","status":"publish","type":"page","link":"https:\/\/pezgordon.com\/msf_dev\/trabaja\/en-las-oficinas\/","title":{"rendered":"En las oficinas"},"content":{"rendered":"<div id=\"pl-1200\"  class=\"panel-layout\" ><div id=\"pg-1200-0\"  class=\"panel-grid panel-no-style\" ><div id=\"pgc-1200-0-0\"  class=\"panel-grid-cell\" ><div id=\"panel-1200-0-0-0\" class=\"so-panel widget_text-module panel-first-child\" data-index=\"0\" ><div\n\t\t\t\n\t\t\tclass=\"so-widget-text-module so-widget-text-module-default-d75171398898-1200\"\n\t\t\t\n\t\t>\n<section class=\"text-module full-screen mobile-white desktop-white wide\" style=\"--backgroundDesktop:var(--white);--primaryColorDesktop:var(--grey);--secondaryColorDesktop:var(--red);--backgroundMobile:var(--white);--primaryColorMobile:var(--grey);--secondaryColorMobile:var(--red)\">\n\t\t\t\n\t<div class=\"container\">\n\n\t\t<h2 style=\"text-align: center\">\u00bfC\u00f3mo trabajar en las oficinas de M\u00e9dicos Sin Fronteras?<\/h2>\n<p style=\"text-align: left\">Sumarte a nuestro equipo en las oficinas supone comprometerse con los valores y principios de la organizaci\u00f3n, adem\u00e1s de asumir las responsabilidades propias de cada puesto de trabajo.<\/p>\n<p style=\"text-align: left\">Buscamos personas motivadas, competentes, flexibles, con capacidad de cr\u00edtica constructiva y con experiencia consolidada.<\/p>\n<p>Nuestro \u00e1mbito de influencia consiste en los pa\u00edses de Am\u00e9rica del Sur de habla hispana.<\/p>\n<p style=\"text-align: left\">En esta secci\u00f3n, publicamos los puestos vacantes en proceso de selecci\u00f3n, indicando los requisitos y la forma de hacer llegar las aplicaciones.<\/p>\n<p style=\"text-align: left\"><strong>Solo aceptaremos y procesaremos aquellas hojas de vida que correspondan a vacantes vigentes. No contestamos a aplicaciones espont\u00e1neas.<\/strong><\/p>\n\n\t<\/div>\n\n<\/section><\/div><\/div><div\n\t\t\t\n\t\t\tclass=\"so-widget-works-module so-widget-works-module-default-d75171398898-1200\"\n\t\t\t\n\t\t>\n<section class=\"pages-grid\">\n\n\t\n\t\n\t<div class=\"grid\">\n\n\t\t\n\t\t<div>\n\t\t\t<div class=\"thumbnail\">\n\t\t\t\t<img loading=\"lazy\" decoding=\"async\" width=\"700\" height=\"467\" src=\"https:\/\/pezgordon.com\/msf_dev\/wp-content\/uploads\/2023\/05\/MSB18719_Medium-700x467.jpg\" class=\"attachment-medium size-medium wp-post-image\" alt=\"\" srcset=\"https:\/\/pezgordon.com\/msf_dev\/wp-content\/uploads\/2023\/05\/MSB18719_Medium-150x150.jpg 150w, https:\/\/pezgordon.com\/msf_dev\/wp-content\/uploads\/2023\/05\/MSB18719_Medium-700x467.jpg 700w\" sizes=\"(max-width: 768px) 40px, 700px\" \/>\t\t\t<\/div>\n\t\t\t<div class=\"content\">\n\t\t\t\t<h2 class=\"semi_bold\">Apoyo al\/la Coordinador\/a de Proyecto (Panam\u00e1)<\/h2>\n\t\t\t\t<p class=\"hide_mobile\">Presta apoyo al\/la Coordinador\/a de Proyecto en la gesti\u00f3n de la seguridad y las tareas de coordinaci\u00f3n, \r\nasegurando una relaci\u00f3n fluida con las autoridades locales y nacionales y contribuyendo al an\u00e1lisis y al seguimiento contextuales.<\/p>\n\t\t\t\t<a href=\"https:\/\/pezgordon.com\/msf_dev\/trabaja\/perfiles\/apoyo-al-la-coordinador-a-de-proyecto-panama\/\" title=\"\">Leer m\u00e1s<\/a>\n\t\t\t<\/div>\n\t\t<\/div>\n\n\t\t\n\t\t<div>\n\t\t\t<div class=\"thumbnail\">\n\t\t\t\t<img loading=\"lazy\" decoding=\"async\" width=\"700\" height=\"467\" src=\"https:\/\/pezgordon.com\/msf_dev\/wp-content\/uploads\/2023\/05\/MSF291037_Medium-700x467.jpg\" class=\"attachment-medium size-medium wp-post-image\" alt=\"\" srcset=\"https:\/\/pezgordon.com\/msf_dev\/wp-content\/uploads\/2023\/05\/MSF291037_Medium-150x150.jpg 150w, https:\/\/pezgordon.com\/msf_dev\/wp-content\/uploads\/2023\/05\/MSF291037_Medium-700x467.jpg 700w\" sizes=\"(max-width: 768px) 40px, 700px\" \/>\t\t\t<\/div>\n\t\t\t<div class=\"content\">\n\t\t\t\t<h2 class=\"semi_bold\">Auxiliar de Enfermer\u00eda o Asistente M\u00e9dico (Panam\u00e1)<\/h2>\n\t\t\t\t<p class=\"hide_mobile\">Ayuda en las actividades equipo m\u00e9dico con los pacientes que acuden a las consultas de nuestro proyecto en Metet\u00ed.<\/p>\n\t\t\t\t<a href=\"https:\/\/pezgordon.com\/msf_dev\/trabaja\/perfiles\/auxiliar-de-enfermeria-o-asistente-medico-panama\/\" title=\"\">Leer m\u00e1s<\/a>\n\t\t\t<\/div>\n\t\t<\/div>\n\n\t\t\n\t\t<div>\n\t\t\t<div class=\"thumbnail\">\n\t\t\t\t<img loading=\"lazy\" decoding=\"async\" width=\"700\" height=\"467\" src=\"https:\/\/pezgordon.com\/msf_dev\/wp-content\/uploads\/2023\/05\/MSB108541High-700x467.jpg\" class=\"attachment-medium size-medium wp-post-image\" alt=\"\" srcset=\"https:\/\/pezgordon.com\/msf_dev\/wp-content\/uploads\/2023\/05\/MSB108541High-150x150.jpg 150w, https:\/\/pezgordon.com\/msf_dev\/wp-content\/uploads\/2023\/05\/MSB108541High-700x467.jpg 700w\" sizes=\"(max-width: 768px) 40px, 700px\" \/>\t\t\t<\/div>\n\t\t\t<div class=\"content\">\n\t\t\t\t<h2 class=\"semi_bold\">Coordinador\/a Regional de RR.HH.<\/h2>\n\t\t\t\t<p class=\"hide_mobile\">Es responsable de los aspectos regionales de la administraci\u00f3n de recursos humanos de MSF LAT (Argentina, Uruguay, Colombia y, eventualmente, Chile).<\/p>\n\t\t\t\t<a href=\"https:\/\/pezgordon.com\/msf_dev\/trabaja\/perfiles\/coordinador-a-regional-de-rr-hh\/\" title=\"\">Leer m\u00e1s<\/a>\n\t\t\t<\/div>\n\t\t<\/div>\n\n\t\t\n\t\t<div>\n\t\t\t<div class=\"thumbnail\">\n\t\t\t\t<img loading=\"lazy\" decoding=\"async\" width=\"700\" height=\"393\" src=\"https:\/\/pezgordon.com\/msf_dev\/wp-content\/uploads\/2023\/05\/MSB155671_Medium-700x393.jpg\" class=\"attachment-medium size-medium wp-post-image\" alt=\"\" srcset=\"https:\/\/pezgordon.com\/msf_dev\/wp-content\/uploads\/2023\/05\/MSB155671_Medium-150x150.jpg 150w, https:\/\/pezgordon.com\/msf_dev\/wp-content\/uploads\/2023\/05\/MSB155671_Medium-700x393.jpg 700w\" sizes=\"(max-width: 768px) 40px, 700px\" \/>\t\t\t<\/div>\n\t\t\t<div class=\"content\">\n\t\t\t\t<h2 class=\"semi_bold\">Gestor\/a de actividades de enfermer\u00eda<\/h2>\n\t\t\t\t<p class=\"hide_mobile\">Define, coordina y supervisa todas las actividades de enfermer\u00eda del proyecto y garantiza la gesti\u00f3n diaria de los recursos humanos.<\/p>\n\t\t\t\t<a href=\"https:\/\/pezgordon.com\/msf_dev\/trabaja\/perfiles\/gestor-a-de-actividades-de-enfermeria\/\" title=\"\">Leer m\u00e1s<\/a>\n\t\t\t<\/div>\n\t\t<\/div>\n\n\t\t\n\t\t<div>\n\t\t\t<div class=\"thumbnail\">\n\t\t\t\t<img loading=\"lazy\" decoding=\"async\" width=\"700\" height=\"466\" src=\"https:\/\/pezgordon.com\/msf_dev\/wp-content\/uploads\/2022\/10\/MSB135805_Medium-700x466.jpg\" class=\"attachment-medium size-medium wp-post-image\" alt=\"\" srcset=\"https:\/\/pezgordon.com\/msf_dev\/wp-content\/uploads\/2022\/10\/MSB135805_Medium-150x150.jpg 150w, https:\/\/pezgordon.com\/msf_dev\/wp-content\/uploads\/2022\/10\/MSB135805_Medium-700x466.jpg 700w\" sizes=\"(max-width: 768px) 40px, 700px\" \/>\t\t\t<\/div>\n\t\t\t<div class=\"content\">\n\t\t\t\t<h2 class=\"semi_bold\">Gestor\/a de Actividades M\u00e9dicas<\/h2>\n\t\t\t\t<p class=\"hide_mobile\">Coordina, eval\u00faa y supervisa el correcto funcionamiento de las actividades m\u00e9dicas,  siguiendo los procedimientos y protocolos de la organizaci\u00f3n, mediante la compilaci\u00f3n y el an\u00e1lisis de la informaci\u00f3n m\u00e9dica a su disposici\u00f3n sobre las condiciones de salud de los pacientes. \r\n<\/p>\n\t\t\t\t<a href=\"https:\/\/pezgordon.com\/msf_dev\/trabaja\/perfiles\/gestor-actividades-medicas\/\" title=\"\">Leer m\u00e1s<\/a>\n\t\t\t<\/div>\n\t\t<\/div>\n\n\t\t\n\t\t<div>\n\t\t\t<div class=\"thumbnail\">\n\t\t\t\t<img loading=\"lazy\" decoding=\"async\" width=\"700\" height=\"467\" src=\"https:\/\/pezgordon.com\/msf_dev\/wp-content\/uploads\/2023\/05\/MSB154772High-700x467.jpg\" class=\"attachment-medium size-medium wp-post-image\" alt=\"\" srcset=\"https:\/\/pezgordon.com\/msf_dev\/wp-content\/uploads\/2023\/05\/MSB154772High-150x150.jpg 150w, https:\/\/pezgordon.com\/msf_dev\/wp-content\/uploads\/2023\/05\/MSB154772High-700x467.jpg 700w\" sizes=\"(max-width: 768px) 40px, 700px\" \/>\t\t\t<\/div>\n\t\t\t<div class=\"content\">\n\t\t\t\t<h2 class=\"semi_bold\">Gestor\/a de Desarrollo<\/h2>\n\t\t\t\t<p class=\"hide_mobile\">Proporciona experiencia estrat\u00e9gica y funcional y asesoramiento en el desarrollo del aprendizaje,para planificar y aplicar procesos y actividades que fomenten el desarrollo de personal nacional.<\/p>\n\t\t\t\t<a href=\"https:\/\/pezgordon.com\/msf_dev\/trabaja\/perfiles\/gestor-a-de-desarrollo\/\" title=\"\">Leer m\u00e1s<\/a>\n\t\t\t<\/div>\n\t\t<\/div>\n\n\t\t\n\t\t<div>\n\t\t\t<div class=\"thumbnail\">\n\t\t\t\t<img loading=\"lazy\" decoding=\"async\" width=\"700\" height=\"467\" src=\"https:\/\/pezgordon.com\/msf_dev\/wp-content\/uploads\/2023\/04\/MSB122790_Medium-700x467.jpg\" class=\"attachment-medium size-medium wp-post-image\" alt=\"\" srcset=\"https:\/\/pezgordon.com\/msf_dev\/wp-content\/uploads\/2023\/04\/MSB122790_Medium-150x150.jpg 150w, https:\/\/pezgordon.com\/msf_dev\/wp-content\/uploads\/2023\/04\/MSB122790_Medium-700x467.jpg 700w\" sizes=\"(max-width: 768px) 40px, 700px\" \/>\t\t\t<\/div>\n\t\t\t<div class=\"content\">\n\t\t\t\t<h2 class=\"semi_bold\">Gestor\/a de Finanzas y RR.HH. de proyecto (Venezuela)<\/h2>\n\t\t\t\t<p class=\"hide_mobile\">Planificar, coordinar e implementar las actividades y pol\u00edticas de RRHH, Administraci\u00f3n y Finanzas del proyecto de acuerdo con las obligaciones legales y los protocolos, est\u00e1ndares y procedimientos de MSF.<\/p>\n\t\t\t\t<a href=\"https:\/\/pezgordon.com\/msf_dev\/trabaja\/perfiles\/gestor-a-de-finanzas-y-rr-hh-de-proyecto-venezuela\/\" title=\"\">Leer m\u00e1s<\/a>\n\t\t\t<\/div>\n\t\t<\/div>\n\n\t\t\n\t\t<div>\n\t\t\t<div class=\"thumbnail\">\n\t\t\t\t<img loading=\"lazy\" decoding=\"async\" width=\"700\" height=\"467\" src=\"https:\/\/pezgordon.com\/msf_dev\/wp-content\/uploads\/2023\/05\/MSB82927_Medium-700x467.jpg\" class=\"attachment-medium size-medium wp-post-image\" alt=\"\" srcset=\"https:\/\/pezgordon.com\/msf_dev\/wp-content\/uploads\/2023\/05\/MSB82927_Medium-150x150.jpg 150w, https:\/\/pezgordon.com\/msf_dev\/wp-content\/uploads\/2023\/05\/MSB82927_Medium-700x467.jpg 700w\" sizes=\"(max-width: 768px) 40px, 700px\" \/>\t\t\t<\/div>\n\t\t\t<div class=\"content\">\n\t\t\t\t<h2 class=\"semi_bold\">Psic\u00f3logo\/a Cl\u00ednico\/a (Panam\u00e1)<\/h2>\n\t\t\t\t<p class=\"hide_mobile\">Proporciona apoyo psicol\u00f3gico a los pacientes de nuestro proyecto en Metet\u00ed.<\/p>\n\t\t\t\t<a href=\"https:\/\/pezgordon.com\/msf_dev\/trabaja\/perfiles\/psicologo-a-clinico-a-panama\/\" title=\"\">Leer m\u00e1s<\/a>\n\t\t\t<\/div>\n\t\t<\/div>\n\n\t\t\n\t\t<div>\n\t\t\t<div class=\"thumbnail\">\n\t\t\t\t<img loading=\"lazy\" decoding=\"async\" width=\"700\" height=\"467\" src=\"https:\/\/pezgordon.com\/msf_dev\/wp-content\/uploads\/2023\/04\/MSB10467_Medium-700x467.jpg\" class=\"attachment-medium size-medium wp-post-image\" alt=\"\" srcset=\"https:\/\/pezgordon.com\/msf_dev\/wp-content\/uploads\/2023\/04\/MSB10467_Medium-150x150.jpg 150w, https:\/\/pezgordon.com\/msf_dev\/wp-content\/uploads\/2023\/04\/MSB10467_Medium-700x467.jpg 700w\" sizes=\"(max-width: 768px) 40px, 700px\" \/>\t\t\t<\/div>\n\t\t\t<div class=\"content\">\n\t\t\t\t<h2 class=\"semi_bold\">Responsable Contable<\/h2>\n\t\t\t\t<p class=\"hide_mobile\">Garantiza el cumplimiento y evoluci\u00f3n de las pol\u00edticas financiero-contables y los procesos necesarios para guiar la gesti\u00f3n contable-administrativa de la oficina de Buenos Aires y sus dependencias regionales.<\/p>\n\t\t\t\t<a href=\"https:\/\/pezgordon.com\/msf_dev\/trabaja\/perfiles\/responsable-contable\/\" title=\"\">Leer m\u00e1s<\/a>\n\t\t\t<\/div>\n\t\t<\/div>\n\n\t\t\n\t\t<div>\n\t\t\t<div class=\"thumbnail\">\n\t\t\t\t<img loading=\"lazy\" decoding=\"async\" width=\"700\" height=\"471\" src=\"https:\/\/pezgordon.com\/msf_dev\/wp-content\/uploads\/2023\/05\/MSB18639High-700x471.jpg\" class=\"attachment-medium size-medium wp-post-image\" alt=\"\" srcset=\"https:\/\/pezgordon.com\/msf_dev\/wp-content\/uploads\/2023\/05\/MSB18639High-150x150.jpg 150w, https:\/\/pezgordon.com\/msf_dev\/wp-content\/uploads\/2023\/05\/MSB18639High-700x471.jpg 700w\" sizes=\"(max-width: 768px) 40px, 700px\" \/>\t\t\t<\/div>\n\t\t\t<div class=\"content\">\n\t\t\t\t<h2 class=\"semi_bold\">Responsible Behaviour Advisor<\/h2>\n\t\t\t\t<p class=\"hide_mobile\">Crea un entorno seguro para el personal, los pacientes y las comunidades para el personal, los pacientes y las comunidades; participando en la prevenci\u00f3n de abusos, estableciendo canales seguros de denuncia e implementando los Compromisos de Comportamiento de MSF. <\/p>\n\t\t\t\t<a href=\"https:\/\/pezgordon.com\/msf_dev\/trabaja\/perfiles\/responsible-behaviour-advisor-colombia\/\" title=\"\">Leer m\u00e1s<\/a>\n\t\t\t<\/div>\n\t\t<\/div>\n\n\t\t\n\t\t<div>\n\t\t\t<div class=\"thumbnail\">\n\t\t\t\t<img loading=\"lazy\" decoding=\"async\" width=\"700\" height=\"467\" src=\"https:\/\/pezgordon.com\/msf_dev\/wp-content\/uploads\/2022\/10\/MSB124688_Medium-700x467.jpg\" class=\"attachment-medium size-medium wp-post-image\" alt=\"\" srcset=\"https:\/\/pezgordon.com\/msf_dev\/wp-content\/uploads\/2022\/10\/MSB124688_Medium-150x150.jpg 150w, https:\/\/pezgordon.com\/msf_dev\/wp-content\/uploads\/2022\/10\/MSB124688_Medium-700x467.jpg 700w\" sizes=\"(max-width: 768px) 40px, 700px\" \/>\t\t\t<\/div>\n\t\t\t<div class=\"content\">\n\t\t\t\t<h2 class=\"semi_bold\">Trabajador\/a Social (Panam\u00e1)<\/h2>\n\t\t\t\t<p class=\"hide_mobile\">Lleva a cabo todas las actividades de apoyo social a los pacientes\/sobrevivientes del proyecto en Metet\u00ed y los pone en contacto con otros servicios de apoyo pertinentes y con las comunidades en general.<\/p>\n\t\t\t\t<a href=\"https:\/\/pezgordon.com\/msf_dev\/trabaja\/perfiles\/apoyo-coordinador-de-proyecto\/\" title=\"\">Leer m\u00e1s<\/a>\n\t\t\t<\/div>\n\t\t<\/div>\n\n\t\t\n\t<\/div>\n\n<\/section><\/div><\/div><\/div><\/div>","protected":false},"excerpt":{"rendered":"<p>Nuestras oficinas centran su actividad en la difusi\u00f3n de nuestra acci\u00f3n humanitaria y en la captaci\u00f3n de recursos humanos y financieros para sostener nuestras actividades humanitarias alrededor del mundo.<\/p>\n","protected":false},"author":1,"featured_media":1247,"parent":1205,"menu_order":0,"comment_status":"closed","ping_status":"closed","template":"","meta":{"_acf_changed":false,"footnotes":""},"class_list":["post-1200","page","type-page","status-publish","has-post-thumbnail","hentry"],"acf":[],"yoast_head":"<!-- This site is optimized with the Yoast SEO plugin v23.0 - https:\/\/yoast.com\/wordpress\/plugins\/seo\/ -->\n<title>En las oficinas - M\u00e9dicos Sin Fronteras Colombia | Ayuda m\u00e9dico-humanitaria<\/title>\n<meta name=\"robots\" content=\"noindex, follow, max-snippet:-1, max-image-preview:large, max-video-preview:-1\" \/>\n<meta property=\"og:locale\" content=\"es_ES\" \/>\n<meta property=\"og:type\" content=\"article\" \/>\n<meta property=\"og:title\" content=\"En las oficinas - M\u00e9dicos Sin Fronteras Colombia | Ayuda m\u00e9dico-humanitaria\" \/>\n<meta property=\"og:description\" content=\"Nuestras oficinas centran su actividad en la difusi\u00f3n de nuestra acci\u00f3n humanitaria y en la captaci\u00f3n de recursos humanos y financieros para sostener nuestras actividades humanitarias alrededor del mundo.\" \/>\n<meta property=\"og:url\" content=\"https:\/\/pezgordon.com\/msf_dev\/trabaja\/en-las-oficinas\/\" \/>\n<meta property=\"og:site_name\" content=\"M\u00e9dicos Sin Fronteras Colombia | Ayuda m\u00e9dico-humanitaria\" \/>\n<meta property=\"article:publisher\" content=\"https:\/\/www.facebook.com\/medicossinfronteras.ong\" \/>\n<meta property=\"article:modified_time\" content=\"2023-05-05T11:32:26+00:00\" \/>\n<meta property=\"og:image\" content=\"https:\/\/pezgordon.com\/msf_dev\/wp-content\/uploads\/2023\/04\/MSF216886_Medium.jpg\" \/>\n\t<meta property=\"og:image:width\" content=\"1000\" \/>\n\t<meta property=\"og:image:height\" content=\"668\" \/>\n\t<meta property=\"og:image:type\" content=\"image\/jpeg\" \/>\n<meta name=\"twitter:card\" content=\"summary_large_image\" \/>\n<meta name=\"twitter:site\" content=\"@MSF_Colombia\" \/>\n<script type=\"application\/ld+json\" class=\"yoast-schema-graph\">{\"@context\":\"https:\/\/schema.org\",\"@graph\":[{\"@type\":\"WebPage\",\"@id\":\"https:\/\/pezgordon.com\/msf_dev\/trabaja\/en-las-oficinas\/\",\"url\":\"https:\/\/pezgordon.com\/msf_dev\/trabaja\/en-las-oficinas\/\",\"name\":\"En las oficinas - M\u00e9dicos Sin Fronteras Colombia | Ayuda m\u00e9dico-humanitaria\",\"isPartOf\":{\"@id\":\"https:\/\/pezgordon.com\/msf_dev\/#website\"},\"primaryImageOfPage\":{\"@id\":\"https:\/\/pezgordon.com\/msf_dev\/trabaja\/en-las-oficinas\/#primaryimage\"},\"image\":{\"@id\":\"https:\/\/pezgordon.com\/msf_dev\/trabaja\/en-las-oficinas\/#primaryimage\"},\"thumbnailUrl\":\"https:\/\/pezgordon.com\/msf_dev\/wp-content\/uploads\/2023\/04\/MSF216886_Medium.jpg\",\"datePublished\":\"2023-04-17T21:15:24+00:00\",\"dateModified\":\"2023-05-05T11:32:26+00:00\",\"breadcrumb\":{\"@id\":\"https:\/\/pezgordon.com\/msf_dev\/trabaja\/en-las-oficinas\/#breadcrumb\"},\"inLanguage\":\"es\",\"potentialAction\":[{\"@type\":\"ReadAction\",\"target\":[\"https:\/\/pezgordon.com\/msf_dev\/trabaja\/en-las-oficinas\/\"]}]},{\"@type\":\"ImageObject\",\"inLanguage\":\"es\",\"@id\":\"https:\/\/pezgordon.com\/msf_dev\/trabaja\/en-las-oficinas\/#primaryimage\",\"url\":\"https:\/\/pezgordon.com\/msf_dev\/wp-content\/uploads\/2023\/04\/MSF216886_Medium.jpg\",\"contentUrl\":\"https:\/\/pezgordon.com\/msf_dev\/wp-content\/uploads\/2023\/04\/MSF216886_Medium.jpg\",\"width\":1000,\"height\":668,\"caption\":\"Visit during the Press conference for the opening of the not accompanied minors center in Pantin.\"},{\"@type\":\"BreadcrumbList\",\"@id\":\"https:\/\/pezgordon.com\/msf_dev\/trabaja\/en-las-oficinas\/#breadcrumb\",\"itemListElement\":[{\"@type\":\"ListItem\",\"position\":1,\"name\":\"Home\",\"item\":\"https:\/\/pezgordon.com\/msf_dev\/\"},{\"@type\":\"ListItem\",\"position\":2,\"name\":\"Trabaja\",\"item\":\"https:\/\/pezgordon.com\/msf_dev\/trabaja\/\"},{\"@type\":\"ListItem\",\"position\":3,\"name\":\"En las oficinas\"}]},{\"@type\":\"WebSite\",\"@id\":\"https:\/\/pezgordon.com\/msf_dev\/#website\",\"url\":\"https:\/\/pezgordon.com\/msf_dev\/\",\"name\":\"M\u00e9dicos Sin Fronteras Colombia | Ayuda m\u00e9dico-humanitaria\",\"description\":\"\",\"publisher\":{\"@id\":\"https:\/\/pezgordon.com\/msf_dev\/#organization\"},\"potentialAction\":[{\"@type\":\"SearchAction\",\"target\":{\"@type\":\"EntryPoint\",\"urlTemplate\":\"https:\/\/pezgordon.com\/msf_dev\/?s={search_term_string}\"},\"query-input\":\"required name=search_term_string\"}],\"inLanguage\":\"es\"},{\"@type\":\"Organization\",\"@id\":\"https:\/\/pezgordon.com\/msf_dev\/#organization\",\"name\":\"M\u00e9dicos Sin Fronteras Colombia\",\"alternateName\":\"MSF\",\"url\":\"https:\/\/pezgordon.com\/msf_dev\/\",\"logo\":{\"@type\":\"ImageObject\",\"inLanguage\":\"es\",\"@id\":\"https:\/\/pezgordon.com\/msf_dev\/#\/schema\/logo\/image\/\",\"url\":\"https:\/\/pezgordon.com\/msf_dev\/wp-content\/uploads\/2023\/05\/msf_organization.png\",\"contentUrl\":\"https:\/\/pezgordon.com\/msf_dev\/wp-content\/uploads\/2023\/05\/msf_organization.png\",\"width\":120,\"height\":120,\"caption\":\"M\u00e9dicos Sin Fronteras Colombia\"},\"image\":{\"@id\":\"https:\/\/pezgordon.com\/msf_dev\/#\/schema\/logo\/image\/\"},\"sameAs\":[\"https:\/\/www.facebook.com\/medicossinfronteras.ong\",\"https:\/\/x.com\/MSF_Colombia\",\"https:\/\/www.youtube.com\/user\/MedicosSinFronteras\",\"https:\/\/www.tiktok.com\/@medicossinfronteras\",\"https:\/\/www.instagram.com\/msf_sudamerica\",\"https:\/\/www.linkedin.com\/company\/msf-latam\/mycompany\/\"]}]}<\/script>\n<!-- \/ Yoast SEO plugin. -->","yoast_head_json":{"title":"En las oficinas - M\u00e9dicos Sin Fronteras Colombia | Ayuda m\u00e9dico-humanitaria","robots":{"index":"noindex","follow":"follow","max-snippet":"max-snippet:-1","max-image-preview":"max-image-preview:large","max-video-preview":"max-video-preview:-1"},"og_locale":"es_ES","og_type":"article","og_title":"En las oficinas - M\u00e9dicos Sin Fronteras Colombia | Ayuda m\u00e9dico-humanitaria","og_description":"Nuestras oficinas centran su actividad en la difusi\u00f3n de nuestra acci\u00f3n humanitaria y en la captaci\u00f3n de recursos humanos y financieros para sostener nuestras actividades humanitarias alrededor del mundo.","og_url":"https:\/\/pezgordon.com\/msf_dev\/trabaja\/en-las-oficinas\/","og_site_name":"M\u00e9dicos Sin Fronteras Colombia | Ayuda m\u00e9dico-humanitaria","article_publisher":"https:\/\/www.facebook.com\/medicossinfronteras.ong","article_modified_time":"2023-05-05T11:32:26+00:00","og_image":[{"width":1000,"height":668,"url":"https:\/\/pezgordon.com\/msf_dev\/wp-content\/uploads\/2023\/04\/MSF216886_Medium.jpg","type":"image\/jpeg"}],"twitter_card":"summary_large_image","twitter_site":"@MSF_Colombia","schema":{"@context":"https:\/\/schema.org","@graph":[{"@type":"WebPage","@id":"https:\/\/pezgordon.com\/msf_dev\/trabaja\/en-las-oficinas\/","url":"https:\/\/pezgordon.com\/msf_dev\/trabaja\/en-las-oficinas\/","name":"En las oficinas - M\u00e9dicos Sin Fronteras Colombia | Ayuda m\u00e9dico-humanitaria","isPartOf":{"@id":"https:\/\/pezgordon.com\/msf_dev\/#website"},"primaryImageOfPage":{"@id":"https:\/\/pezgordon.com\/msf_dev\/trabaja\/en-las-oficinas\/#primaryimage"},"image":{"@id":"https:\/\/pezgordon.com\/msf_dev\/trabaja\/en-las-oficinas\/#primaryimage"},"thumbnailUrl":"https:\/\/pezgordon.com\/msf_dev\/wp-content\/uploads\/2023\/04\/MSF216886_Medium.jpg","datePublished":"2023-04-17T21:15:24+00:00","dateModified":"2023-05-05T11:32:26+00:00","breadcrumb":{"@id":"https:\/\/pezgordon.com\/msf_dev\/trabaja\/en-las-oficinas\/#breadcrumb"},"inLanguage":"es","potentialAction":[{"@type":"ReadAction","target":["https:\/\/pezgordon.com\/msf_dev\/trabaja\/en-las-oficinas\/"]}]},{"@type":"ImageObject","inLanguage":"es","@id":"https:\/\/pezgordon.com\/msf_dev\/trabaja\/en-las-oficinas\/#primaryimage","url":"https:\/\/pezgordon.com\/msf_dev\/wp-content\/uploads\/2023\/04\/MSF216886_Medium.jpg","contentUrl":"https:\/\/pezgordon.com\/msf_dev\/wp-content\/uploads\/2023\/04\/MSF216886_Medium.jpg","width":1000,"height":668,"caption":"Visit during the Press conference for the opening of the not accompanied minors center in Pantin."},{"@type":"BreadcrumbList","@id":"https:\/\/pezgordon.com\/msf_dev\/trabaja\/en-las-oficinas\/#breadcrumb","itemListElement":[{"@type":"ListItem","position":1,"name":"Home","item":"https:\/\/pezgordon.com\/msf_dev\/"},{"@type":"ListItem","position":2,"name":"Trabaja","item":"https:\/\/pezgordon.com\/msf_dev\/trabaja\/"},{"@type":"ListItem","position":3,"name":"En las oficinas"}]},{"@type":"WebSite","@id":"https:\/\/pezgordon.com\/msf_dev\/#website","url":"https:\/\/pezgordon.com\/msf_dev\/","name":"M\u00e9dicos Sin Fronteras Colombia | Ayuda m\u00e9dico-humanitaria","description":"","publisher":{"@id":"https:\/\/pezgordon.com\/msf_dev\/#organization"},"potentialAction":[{"@type":"SearchAction","target":{"@type":"EntryPoint","urlTemplate":"https:\/\/pezgordon.com\/msf_dev\/?s={search_term_string}"},"query-input":"required name=search_term_string"}],"inLanguage":"es"},{"@type":"Organization","@id":"https:\/\/pezgordon.com\/msf_dev\/#organization","name":"M\u00e9dicos Sin Fronteras Colombia","alternateName":"MSF","url":"https:\/\/pezgordon.com\/msf_dev\/","logo":{"@type":"ImageObject","inLanguage":"es","@id":"https:\/\/pezgordon.com\/msf_dev\/#\/schema\/logo\/image\/","url":"https:\/\/pezgordon.com\/msf_dev\/wp-content\/uploads\/2023\/05\/msf_organization.png","contentUrl":"https:\/\/pezgordon.com\/msf_dev\/wp-content\/uploads\/2023\/05\/msf_organization.png","width":120,"height":120,"caption":"M\u00e9dicos Sin Fronteras Colombia"},"image":{"@id":"https:\/\/pezgordon.com\/msf_dev\/#\/schema\/logo\/image\/"},"sameAs":["https:\/\/www.facebook.com\/medicossinfronteras.ong","https:\/\/x.com\/MSF_Colombia","https:\/\/www.youtube.com\/user\/MedicosSinFronteras","https:\/\/www.tiktok.com\/@medicossinfronteras","https:\/\/www.instagram.com\/msf_sudamerica","https:\/\/www.linkedin.com\/company\/msf-latam\/mycompany\/"]}]}},"_links":{"self":[{"href":"https:\/\/pezgordon.com\/msf_dev\/wp-json\/wp\/v2\/pages\/1200"}],"collection":[{"href":"https:\/\/pezgordon.com\/msf_dev\/wp-json\/wp\/v2\/pages"}],"about":[{"href":"https:\/\/pezgordon.com\/msf_dev\/wp-json\/wp\/v2\/types\/page"}],"author":[{"embeddable":true,"href":"https:\/\/pezgordon.com\/msf_dev\/wp-json\/wp\/v2\/users\/1"}],"replies":[{"embeddable":true,"href":"https:\/\/pezgordon.com\/msf_dev\/wp-json\/wp\/v2\/comments?post=1200"}],"version-history":[{"count":19,"href":"https:\/\/pezgordon.com\/msf_dev\/wp-json\/wp\/v2\/pages\/1200\/revisions"}],"predecessor-version":[{"id":2350,"href":"https:\/\/pezgordon.com\/msf_dev\/wp-json\/wp\/v2\/pages\/1200\/revisions\/2350"}],"up":[{"embeddable":true,"href":"https:\/\/pezgordon.com\/msf_dev\/wp-json\/wp\/v2\/pages\/1205"}],"wp:featuredmedia":[{"embeddable":true,"href":"https:\/\/pezgordon.com\/msf_dev\/wp-json\/wp\/v2\/media\/1247"}],"wp:attachment":[{"href":"https:\/\/pezgordon.com\/msf_dev\/wp-json\/wp\/v2\/media?parent=1200"}],"curies":[{"name":"wp","href":"https:\/\/api.w.org\/{rel}","templated":true}]}}